3?
3
What is the hundreds digit of 4242781?
7
What is the tens digit of 1017181?
8
What is the hundreds digit of 136058?
0
What is the hundred thousands digit of 337063?
3
What is the tens digit of 6481378?
7
What is the ten thousands digit of 257354?
5
What is the thousands digit of 16326785?
6
What is the tens digit of 3044836?
3
What is the tens digit of 173248?
4
What is the thousands digit of 749479?
9
What is the ten thousands digit of 720116?
2
What is the ten millions digit of 10467059?
1
What is the hundreds digit of 538964?
9
What is the units digit of 81967?
7
What is the thousands digit of 78477?
8
What is the thousands digit of 253790?
3
What is the hundreds digit of 26024204?
2
What is the tens digit of 2178432?
3
What is the thousands digit of 465967?
5
What is the units digit of 18118294?
4
What is the tens digit of 877875?
7
What is the hundreds digit of 7169076?
0
What is the units digit of 8952940?
0
What is the tens digit of 23989554?
5
What is the ten thousands digit of 614669?
1
What is the thousands digit of 268367?
8
What is the units digit of 3550987?
7
What is the units digit of 19414649?
9
What is the ten thousands digit of 70988?
7
What is the hundred thousands digit of 5798992?
7
What is the hundreds digit of 247421?
4
What is the tens digit of 272926?
2
What is the ten thousands digit of 21154378?
5
What is the hundreds digit of 3170100?
1
What is the millions digit of 1185688?
1
What is the ten thousands digit of 434813?
3
What is the hundreds digit of 5866?
8
What is the hundreds digit of 278227?
2
What is the thousands digit of 1152879?
2
What is the hundreds digit of 943399?
3
What is the tens digit of 6597385?
8
What is the millions digit of 2702530?
2
What is the hundreds digit of 5615788?
7
What is the ten thousands digit of 166273?
6
What is the units digit of 171335?
5
What is the units digit of 185277?
7
What is the thousands digit of 1197331?
7
What is the units digit of 246114?
4
What is the hundreds digit of 2643172?
1
What is the units digit of 1669268?
8
What is the units digit of 14699467?
7
What is the hundreds digit of 446248?
2
What is the hundreds digit of 74438?
4
What is the units digit of 15904130?
0
What is the thousands digit of 392474?
2
What is the tens digit of 2982562?
6
What is the ten thousands digit of 1670915?
7
What is the hundreds digit of 207242?
2
What is the thousands digit of 663465?
3
What is the millions digit of 3278607?
3
What is the millions digit of 5658785?
5
What is the millions digit of 29362156?
9
What is the ten thousands digit of 643423?
4
What is the millions digit of 32271729?
2
What is the thousands digit of 1707651?
7
What is the units digit of 266604?
4
What is the thousands digit of 31198?
1
What is the ten thousands digit of 453683?
5
What is the hundreds digit of 1681064?
0
What is the tens digit of 568080?
8
What is the ten millions digit of 15083334?
1
What is the units digit of 5656291?
1
What is the ten thousands digit of 80243?
8
What is the tens digit of 274988?
8
What is the thousands digit of 789848?
9
What is the millions digit of 2837247?
2
What is the tens digit of 1038?
3
What is the hundreds digit of 1024773?
7
What is the hundred thousands digit of 7063064?
0
What is the thousands digit of 21600498?
0
What is the tens digit of 6222650?
5
What is the units digit of 173558?
8
What is the units digit of 326223?
3
What is the ten thousands digit of 3835193?
3
What is the hundreds digit of 2390242?
2
What is the millions digit of 5352510?
5
What is the thousands digit of 653585?
3
What is the hundreds digit of 118304?
3
What is the thousands digit of 540868?
0
What is the hundred thousands digit of 335924?
3
What is the tens digit of 41096959?
5
What is the tens digit of 241623?
2
What is the tens digit of 2102989?
8
What is the hundreds digit of 464496?
4
What is the ten thousands digit of 19063505?
6
What is the hundred thousands digit of 2521160?
5
What is the ten thousands digit of 156894?
5
What is the thousands digit of 18890?
8
What is the tens digit of 1282110?
1
What is the units digit of 13199855?
5
What is the hundred thousands digit of 9745753?
7
What is the tens digit of 385580?
8
What is the units digit of 61037?
7
What is the units digit of 120686?
6
What is the units digit of 4336333?
3
What is the ten millions digit of 10939277?
1
What is the thousands digit of 839170?
9
What is the units digit of 1131973?
3
What is the hundreds digit of 3706735?
7
What is the units digit of 1968526?
6
What is the hundred thousands digit of 4178283?
1
What is the units digit of 1486059?
9
What is the units digit of 2559528?
8
What is the hundred thousands digit of 36734617?
7
What is the hundred thousands digit of 20772500?
7
What is the hundreds digit of 307077?
0
What is the thousands digit of 214007?
4
What is the thousands digit of 911952?
1
What is the hundreds digit of 522330?
3
What is the units digit of 6981037?
7
What is the hundreds digit of 5022251?
2
What is the thousands digit of 502231?
2
What is the hundred thousands digit of 13649722?
6
What is the millions digit of 11552250?
1
What is the ten thousands digit of 18287637?
8
What is the tens digit of 141637?
3
What is the thousands digit of 1002553?
2
What is the hundred thousands digit of 2313570?
3
What is the millions digit of 15483310?
5
What is the units digit of 1318133?
3
What is the units digit of 45279?
9
What is the tens digit of 74006?
0
What is the units digit of 86909?
9
What is the hundred thousands digit of 608393?
6
What is the hundred thousands digit of 463728?
4
What is the ten thousands digit of 338689?
3
What is the units digit of 11350384?
4
What is the hundred thousands digit of 297355?
2
What is the units digit of 745?
5
What is the thousands digit of 1849039?
9
What is the units digit of 16604562?
2
What is the tens digit of 255760?
6
What is the ten thousands digit of 31025187?
2
What is the hundred thousands digit of 494389?
4
What is the thousands digit of 6356408?
6
What is the tens digit of 6634859?
5
What is the thousands digit of 306351?
6
What is the ten thousands digit of 247389?
4
What is the millions digit of 2079773?
2
What is the ten thousands digit of 3293524?
9
What is the hundred thousands digit of 6796969?
7
What is the hundred thousands digit of 310652?
3
What is the ten thousands digit of 11130383?
3
What is the hundreds digit of 5754028?
0
What is the ten thousands digit of 21263189?
6
What is the hundred thousands digit of 3182128?
1
What is the millions digit of 2972779?
2
What is the tens digit of 13987782?
8
What is the ten thousands digit of 9020571?
2
What is the hundreds digit of 48110?
1
What is the hundreds digit of 630827?
8
What is the ten millions digit of 26573033?
2
What is the tens digit of 5352599?
9
What is the units digit of 2631607?
7
What is the ten millions digit of 13774430?
1
What is the thousands digit of 52330?
2
What is the tens digit of 135877?
7
What is the hundreds digit of 11088134?
1
What is the units digit of 74?
4
What is the millions digit of 1338436?
1
What is the ten millions digit of 23772728?
2
What is the thousands digit of 25309821?
9
What is the hundreds digit of 1037614?
6
What is the hundreds digit of 322995?
9
What is the thousands digit of 89182?
9
What is the hundreds digit of 237526?
5
What is the ten thousands digit of 124200?
2
What is the hundreds digit of 374109?
1
What is the hundreds digit of 17538?
5
What is the hundred thousands digit of 9562387?
5
What is the tens digit of 1462241?
4
What is the thousands digit of 3081173?
1
What is the ten thousands digit of 232088?
3
What is the hundred thousands digit of 2241891?
2
What is the ten thousands digit of 674221?
7
What is the hundreds digit of 59842?
8
What is the ten thousands digit of 12530724?
3
What is the thousands digit of 1235302?
5
What is the hundreds digit of 76298?
2
What is the hundred thousands digit of 319835?
3
What is the hundreds digit of 205305?
3
What is the ten thousands digit of 3373221?
7
What is the thousands digit of 590437?
0
What is the units digit of 3971472?
2
What is the millions digit of 8552992?
8
What is the units digit of 230803?
3
What is the hundred thousands digit of 10986902?
9
What is the units